{"id":2651,"date":"2018-11-16T14:48:51","date_gmt":"2018-11-16T20:48:51","guid":{"rendered":"https:\/\/factuappcr.com\/site\/factuapp-boutique-2\/"},"modified":"2023-06-26T09:43:59","modified_gmt":"2023-06-26T15:43:59","slug":"ferreteria","status":"publish","type":"page","link":"https:\/\/factuappcr.com\/site\/ferreteria\/","title":{"rendered":"Ferreter\u00eda"},"content":{"rendered":"[vc_row][vc_column width=&#8221;2\/3&#8243;][wgl_double_headings align=&#8221;center&#8221; title_color=&#8221;#252525&#8243; subtitle_color=&#8221;#ff7d00&#8243; title=&#8221;Factuapp  Ferreter\u00eda&#8221;][vc_column_text]<span>Nuestro m\u00f3dulo de ferreter\u00eda est\u00e1 dise\u00f1ado para agilizar y optimizar el proceso de facturaci\u00f3n en tu negocio, brind\u00e1ndote eficiencia y practicidad en cada paso. Con esta herramienta, podr\u00e1s gestionar tu ferreter\u00eda de manera m\u00e1s eficiente, permiti\u00e9ndote ahorrar tiempo y esfuerzo en las tareas administrativas.<\/span><\/p>\n<ol style=\"text-align: justify;\">\n<li>\n<h6><strong>Creaci\u00f3n de facturas electr\u00f3nicas:<\/strong><\/h6>\n<p><span style=\"text-align: justify;\">Nuestra herramienta te permite generar facturas electr\u00f3nicas de forma r\u00e1pida y sencilla. Solo necesitas ingresar los detalles pertinentes, como los productos vendidos, precios e impuestos correspondientes, y nuestro sistema generar\u00e1 autom\u00e1ticamente una factura profesional y legalmente v\u00e1lida.<\/span><\/li>\n<li>\n<h6><strong>Gesti\u00f3n de art\u00edculos:<\/strong><\/h6>\n<p><span style=\"text-align: justify;\">Puedes crear y administrar una lista de productos que ofreces en tu ferreter\u00eda. Esto te permite tener un registro organizado de tus art\u00edculos, establecer precios, categor\u00edas y llevar un control de inventario preciso.<\/span><\/li>\n<li>\n<h6><strong>Gesti\u00f3n de clientes:<\/strong><\/h6>\n<p><span style=\"text-align: justify;\">Nuestro m\u00f3dulo te permite mantener un registro de tus clientes y sus datos relevantes. Podr\u00e1s ingresar informaci\u00f3n como nombres, direcciones, datos de contacto y cualquier otro detalle importante. Esto facilita la generaci\u00f3n de facturas y el seguimiento de tus clientes, brind\u00e1ndote un mejor servicio personalizado.<\/span><\/li>\n<li>\n<h6><strong>Ventas a cr\u00e9dito:<\/strong><\/h6>\n<p><span style=\"text-align: justify;\">Si deseas ofrecer ventas a cr\u00e9dito a tus clientes, nuestra herramienta te brinda la opci\u00f3n de configurar esta modalidad. Puedes establecer l\u00edmites de cr\u00e9dito para cada cliente, plazos y condiciones de pago, lo que te permite controlar y administrar de manera eficiente las ventas a cr\u00e9dito.<\/span><\/li>\n<li>\n<h6><strong>Control de inventario:<\/strong><\/h6>\n<p><span style=\"text-align: justify;\">Nuestra plataforma te brinda herramientas para gestionar tu inventario de manera eficiente. Podr\u00e1s registrar y controlar las existencias de tus productos, recibir alertas de stock bajo y realizar un seguimiento de las entradas y salidas de mercanc\u00eda. Esto te ayudar\u00e1 a optimizar la gesti\u00f3n de tu inventario y evitar p\u00e9rdidas por falta de stock o productos obsoletos.<\/span><\/li>\n<li>\n<h6><strong>Sistema de cotizaciones:<\/strong><\/h6>\n<p><span style=\"text-align: justify;\">Con nuestro sistema de cotizaciones, podr\u00e1s seleccionar los productos deseados por el cliente, establecer precios, agregar descuentos si es necesario y generar un documento detallado que refleje los productos y costos asociados. Esto facilita la comunicaci\u00f3n con tus clientes y les brinda la informaci\u00f3n necesaria para tomar decisiones de compra.<\/span><\/li>\n<\/ol>\n<p style=\"text-align: justify;\"><span>Con estas funcionalidades integradas en nuestro m\u00f3dulo de ferreter\u00eda, podr\u00e1s llevar un control completo de tus ventas, facturaci\u00f3n, inventario y apartados. Simplifica la gesti\u00f3n de tu ferreter\u00eda y brinda un servicio eficiente a tus clientes con nuestra soluci\u00f3n integral.<\/span><\/p>\n<p style=\"text-align: justify;\">Adem\u00e1s, todas nuestras soluciones incluyen funciones adicionales para facilitar la gesti\u00f3n contable de tu negocio. Podr\u00e1s cargar facturas XML, generar reportes de ventas y compras, y contar con informaci\u00f3n relevante para tu contabilidad.<\/p>\n[\/vc_column_text][vc_empty_space][\/vc_column][vc_column width=&#8221;1\/3&#8243;][vc_single_image image=&#8221;2654&#8243; img_size=&#8221;full&#8221;][vc_single_image image=&#8221;2656&#8243; img_size=&#8221;full&#8221;][vc_single_image image=&#8221;2655&#8243; img_size=&#8221;500&#215;450&#8243;][\/vc_column][\/vc_row][vc_row][vc_column][vc_empty_space][vc_cta h2=&#8221;Empieza hoy mismo a elegir el plan que se adapta a tus necesidades&#8221; add_button=&#8221;bottom&#8221; btn_title=&#8221;Empezar Ahora&#8221; btn_style=&#8221;flat&#8221; btn_color=&#8221;info&#8221; btn_align=&#8221;right&#8221; btn_link=&#8221;url:https%3A%2F%2Ffactuappcr.com%2Fsite%2Fproducto%2Fservicios-profesionales%2F|title:Planes||&#8221;][\/vc_cta][\/vc_column][\/vc_row]\n","protected":false},"excerpt":{"rendered":"<p>[vc_row][vc_column width=&#8221;2\/3&#8243;][wgl_double_headings align=&#8221;center&#8221; title_color=&#8221;#252525&#8243; subtitle_color=&#8221;#ff7d00&#8243; title=&#8221;Factuapp Ferreter\u00eda&#8221;][vc_column_text]Nuestro m\u00f3dulo de ferreter\u00eda est\u00e1 dise\u00f1ado para agilizar y optimizar el proceso de facturaci\u00f3n en tu negocio, brind\u00e1ndote eficiencia y practicidad en cada paso. Con esta herramienta, podr\u00e1s gestionar tu ferreter\u00eda de manera m\u00e1s eficiente, permiti\u00e9ndote ahorrar tiempo y esfuerzo en las tareas administrativas. Creaci\u00f3n de facturas electr\u00f3nicas: Nuestra [&hellip;]<\/p>\n","protected":false},"author":1,"featured_media":2480,"parent":0,"menu_order":0,"comment_status":"closed","ping_status":"closed","template":"","meta":[],"_links":{"self":[{"href":"https:\/\/factuappcr.com\/site\/wp-json\/wp\/v2\/pages\/2651"}],"collection":[{"href":"https:\/\/factuappcr.com\/site\/wp-json\/wp\/v2\/pages"}],"about":[{"href":"https:\/\/factuappcr.com\/site\/wp-json\/wp\/v2\/types\/page"}],"author":[{"embeddable":true,"href":"https:\/\/factuappcr.com\/site\/wp-json\/wp\/v2\/users\/1"}],"replies":[{"embeddable":true,"href":"https:\/\/factuappcr.com\/site\/wp-json\/wp\/v2\/comments?post=2651"}],"version-history":[{"count":7,"href":"https:\/\/factuappcr.com\/site\/wp-json\/wp\/v2\/pages\/2651\/revisions"}],"predecessor-version":[{"id":2708,"href":"https:\/\/factuappcr.com\/site\/wp-json\/wp\/v2\/pages\/2651\/revisions\/2708"}],"wp:featuredmedia":[{"embeddable":true,"href":"https:\/\/factuappcr.com\/site\/wp-json\/wp\/v2\/media\/2480"}],"wp:attachment":[{"href":"https:\/\/factuappcr.com\/site\/wp-json\/wp\/v2\/media?parent=2651"}],"curies":[{"name":"wp","href":"https:\/\/api.w.org\/{rel}","templated":true}]}}