{"id":2679,"date":"2018-11-16T14:48:51","date_gmt":"2018-11-16T20:48:51","guid":{"rendered":"https:\/\/factuappcr.com\/site\/factuapp-servicios-profesionales-2\/"},"modified":"2023-06-26T10:31:03","modified_gmt":"2023-06-26T16:31:03","slug":"integracion-mediante-api","status":"publish","type":"page","link":"https:\/\/factuappcr.com\/site\/integracion-mediante-api\/","title":{"rendered":"Integraci\u00f3n mediante API"},"content":{"rendered":"[vc_row][vc_column width=&#8221;2\/3&#8243;][wgl_double_headings align=&#8221;center&#8221; title_color=&#8221;#252525&#8243; subtitle_color=&#8221;#ff7d00&#8243; title=&#8221;Servicio de Integraci\u00f3n con API&#8221;][vc_column_text]&nbsp;<\/p>\n<p><span>Ofrecemos servicios de integraci\u00f3n para tus plataformas. Ya sea que cuentes con un sistema antiguo que no pueda emitir facturas electr\u00f3nicas, nuestros sistemas se integran con tu plataforma actual para que puedas realizar facturaci\u00f3n electr\u00f3nica sin tener que cambiar de servicio. Sabemos que este proceso puede resultar tedioso, por lo que nos encargamos de hacerlo m\u00e1s f\u00e1cil y c\u00f3modo para ti. Adem\u00e1s, nos aseguramos de que tus sistemas est\u00e9n adaptados para cumplir con los requisitos de facturaci\u00f3n electr\u00f3nica vigentes.<\/span><\/p>\n<p><span>Con Factuapp, te facilitamos este proceso para que puedas centrarte en tu negocio. Simplificamos la generaci\u00f3n y env\u00edo de facturas electr\u00f3nicas, brind\u00e1ndote una soluci\u00f3n eficiente y sin complicaciones. Conf\u00eda en nosotros para simplificar tus operaciones y ahorrar tiempo y esfuerzo en el manejo de la facturaci\u00f3n electr\u00f3nica. En Factuapp, nos encargamos de los detalles t\u00e9cnicos para que puedas enfocarte en lo que realmente importa, que es hacer crecer tu negocio.<\/span>[\/vc_column_text][vc_empty_space][vc_single_image image=&#8221;2682&#8243; img_size=&#8221;500&#215;450&#8243;][\/vc_column][vc_column width=&#8221;1\/3&#8243;][vc_single_image image=&#8221;2681&#8243; img_size=&#8221;full&#8221;][vc_single_image image=&#8221;2683&#8243; img_size=&#8221;full&#8221;][\/vc_column][\/vc_row][vc_row][vc_column][vc_empty_space][vc_cta h2=&#8221;Empieza hoy mismo a elegir el plan que se adapta a tus necesidades&#8221; add_button=&#8221;bottom&#8221; btn_title=&#8221;Empezar Ahora&#8221; btn_style=&#8221;flat&#8221; btn_color=&#8221;info&#8221; btn_align=&#8221;right&#8221; btn_link=&#8221;url:https%3A%2F%2Ffactuappcr.com%2Fsite%2Fproducto%2Fservicios-profesionales%2F|title:Planes||&#8221;][\/vc_cta][\/vc_column][\/vc_row]\n","protected":false},"excerpt":{"rendered":"<p>[vc_row][vc_column width=&#8221;2\/3&#8243;][wgl_double_headings align=&#8221;center&#8221; title_color=&#8221;#252525&#8243; subtitle_color=&#8221;#ff7d00&#8243; title=&#8221;Servicio de Integraci\u00f3n con API&#8221;][vc_column_text]&nbsp; Ofrecemos servicios de integraci\u00f3n para tus plataformas. Ya sea que cuentes con un sistema antiguo que no pueda emitir facturas electr\u00f3nicas, nuestros sistemas se integran con tu plataforma actual para que puedas realizar facturaci\u00f3n electr\u00f3nica sin tener que cambiar de servicio. Sabemos que este proceso [&hellip;]<\/p>\n","protected":false},"author":1,"featured_media":2480,"parent":0,"menu_order":0,"comment_status":"closed","ping_status":"closed","template":"","meta":[],"_links":{"self":[{"href":"https:\/\/factuappcr.com\/site\/wp-json\/wp\/v2\/pages\/2679"}],"collection":[{"href":"https:\/\/factuappcr.com\/site\/wp-json\/wp\/v2\/pages"}],"about":[{"href":"https:\/\/factuappcr.com\/site\/wp-json\/wp\/v2\/types\/page"}],"author":[{"embeddable":true,"href":"https:\/\/factuappcr.com\/site\/wp-json\/wp\/v2\/users\/1"}],"replies":[{"embeddable":true,"href":"https:\/\/factuappcr.com\/site\/wp-json\/wp\/v2\/comments?post=2679"}],"version-history":[{"count":3,"href":"https:\/\/factuappcr.com\/site\/wp-json\/wp\/v2\/pages\/2679\/revisions"}],"predecessor-version":[{"id":2714,"href":"https:\/\/factuappcr.com\/site\/wp-json\/wp\/v2\/pages\/2679\/revisions\/2714"}],"wp:featuredmedia":[{"embeddable":true,"href":"https:\/\/factuappcr.com\/site\/wp-json\/wp\/v2\/media\/2480"}],"wp:attachment":[{"href":"https:\/\/factuappcr.com\/site\/wp-json\/wp\/v2\/media?parent=2679"}],"curies":[{"name":"wp","href":"https:\/\/api.w.org\/{rel}","templated":true}]}}